{"id":14,"date":"2014-05-21T00:00:52","date_gmt":"2014-05-20T23:00:52","guid":{"rendered":"http:\/\/consciencecorp.cluster1.easy-hebergement.net\/consciencecorporelle.fr\/?page_id=14"},"modified":"2020-04-18T14:05:35","modified_gmt":"2020-04-18T13:05:35","slug":"deroulement-dune-seance","status":"publish","type":"page","link":"http:\/\/consciencecorporelle.fr\/?page_id=14","title":{"rendered":"Soins vibratoires"},"content":{"rendered":"<h2><\/h2>\n<p align=\"justify\"><span style=\"font-family: DejaVu Sans, sans-serif;\"><span style=\"font-size: small;\">Dans une approche holistique de l\u2019\u00eatre humain, je vous accueille dans un espace de (re)connexion avec votre \u00eatre profond. Dipl\u00f4m\u00e9e de l\u2019\u00e9cole Anschma\u00a9, je propose les soins<a href=\"http:\/\/consciencecorporelle.fr\/?page_id=409\"><i> Harmonisation \u00e9nerg\u00e9tique<\/i><\/a> et <a href=\"http:\/\/consciencecorporelle.fr\/?page_id=401\"><i>Int\u00e9gration m\u00e9morielle<\/i><\/a>.<\/span><\/span><\/p>\n<p align=\"justify\"><span style=\"font-family: DejaVu Sans, sans-serif;\"><span style=\"font-size: small;\">Ces outils, compl\u00e9mentaires \u00e0 la th\u00e9rapie psychocorporelle, peuvent aussi s\u2019envisager sans suivi. Je vous accompagne sur votre chemin du bien-\u00eatre, par la transmutation de votre structure de fonctionnement \u2013 qu\u2019elle s\u2019exprime au niveau physique, \u00e9motionnel ou comportemental. <\/span><\/span><\/p>\n<p align=\"justify\"><span style=\"font-family: DejaVu Sans, sans-serif;\"><span style=\"font-size: small;\">Mon intention est d\u2019aider \u00e0 recr\u00e9er l\u2019\u00e9quilibre et l\u2019harmonie n\u00e9cessaires \u00e0 l\u2019\u00e9panouissement de chacun, dans l\u2019amour et la conscience de soi et de l\u2019autre.<\/span><\/span><\/p>\n","protected":false},"excerpt":{"rendered":"<p>Dans une approche holistique de l\u2019\u00eatre humain, je vous accueille dans un espace de (re)connexion avec votre \u00eatre profond. Dipl\u00f4m\u00e9e de l\u2019\u00e9cole Anschma\u00a9, je propose les soins Harmonisation \u00e9nerg\u00e9tique et Int\u00e9gration m\u00e9morielle. Ces outils, compl\u00e9mentaires \u00e0 la th\u00e9rapie psychocorporelle, peuvent aussi s\u2019envisager sans suivi. Je vous accompagne sur votre chemin du bien-\u00eatre, par la transmutation &hellip; <\/p>\n<p class=\"link-more\"><a href=\"http:\/\/consciencecorporelle.fr\/?page_id=14\" class=\"more-link\">Continuer la lecture<span class=\"screen-reader-text\"> de &laquo;&nbsp;Soins vibratoires&nbsp;&raquo;<\/span><\/a><\/p>\n","protected":false},"author":1,"featured_media":0,"parent":0,"menu_order":2,"comment_status":"closed","ping_status":"closed","template":"","meta":[],"_links":{"self":[{"href":"http:\/\/consciencecorporelle.fr\/index.php?rest_route=\/wp\/v2\/pages\/14"}],"collection":[{"href":"http:\/\/consciencecorporelle.fr\/index.php?rest_route=\/wp\/v2\/pages"}],"about":[{"href":"http:\/\/consciencecorporelle.fr\/index.php?rest_route=\/wp\/v2\/types\/page"}],"author":[{"embeddable":true,"href":"http:\/\/consciencecorporelle.fr\/index.php?rest_route=\/wp\/v2\/users\/1"}],"replies":[{"embeddable":true,"href":"http:\/\/consciencecorporelle.fr\/index.php?rest_route=%2Fwp%2Fv2%2Fcomments&post=14"}],"version-history":[{"count":29,"href":"http:\/\/consciencecorporelle.fr\/index.php?rest_route=\/wp\/v2\/pages\/14\/revisions"}],"predecessor-version":[{"id":435,"href":"http:\/\/consciencecorporelle.fr\/index.php?rest_route=\/wp\/v2\/pages\/14\/revisions\/435"}],"wp:attachment":[{"href":"http:\/\/consciencecorporelle.fr\/index.php?rest_route=%2Fwp%2Fv2%2Fmedia&parent=14"}],"curies":[{"name":"wp","href":"https:\/\/api.w.org\/{rel}","templated":true}]}}

<h2></h2>
<p align="justify"><span style="font-family: DejaVu Sans, sans-serif;"><span style="font-size: small;">Dans une approche holistique de l’être humain, je vous accueille dans un espace de (re)connexion avec votre être profond. Diplômée de l’école Anschma©, je propose les soins<a href="http://consciencecorporelle.fr/?page_id=409"><i> Harmonisation énergétique</i></a> et <a href="http://consciencecorporelle.fr/?page_id=401"><i>Intégration mémorielle</i></a>.</span></span></p>
<p align="justify"><span style="font-family: DejaVu Sans, sans-serif;"><span style="font-size: small;">Ces outils, complémentaires à la thérapie psychocorporelle, peuvent aussi s’envisager sans suivi. Je vous accompagne sur votre chemin du bien-être, par la transmutation de votre structure de fonctionnement – qu’elle s’exprime au niveau physique, émotionnel ou comportemental. </span></span></p>
<p align="justify"><span style="font-family: DejaVu Sans, sans-serif;"><span style="font-size: small;">Mon intention est d’aider à recréer l’équilibre et l’harmonie nécessaires à l’épanouissement de chacun, dans l’amour et la conscience de soi et de l’autre.</span></span></p>

<p>Dans une approche holistique de l’être humain, je vous accueille dans un espace de (re)connexion avec votre être profond. Diplômée de l’école Anschma©, je propose les soins Harmonisation énergétique et Intégration mémorielle. Ces outils, complémentaires à la thérapie psychocorporelle, peuvent aussi s’envisager sans suivi. Je vous accompagne sur votre chemin du bien-être, par la transmutation &hellip; </p>
<p class="link-more"><a href="http://consciencecorporelle.fr/?page_id=14" class="more-link">Continuer la lecture<span class="screen-reader-text"> de &laquo;&nbsp;Soins vibratoires&nbsp;&raquo;</span></a></p>
