{"id":89,"date":"2014-05-22T15:57:48","date_gmt":"2014-05-22T14:57:48","guid":{"rendered":"http:\/\/consciencecorp.cluster1.easy-hebergement.net\/consciencecorporelle.fr\/?page_id=89"},"modified":"2018-03-25T20:10:01","modified_gmt":"2018-03-25T19:10:01","slug":"stage-dete","status":"publish","type":"page","link":"http:\/\/consciencecorporelle.fr\/?page_id=89","title":{"rendered":"Stages"},"content":{"rendered":"<address style=\"text-align: justify;\"><span style=\"font-family: trebuchet ms,geneva; font-size: 12pt;\">Une approche globale de l\u2019\u00eatre humain, <span lang=\"fr-FR\">par<\/span><span lang=\"fr-FR\"> l\u2019\u00e9change verbal, le massage et diff\u00e9<\/span><span lang=\"pt-PT\">rentes exp<\/span><span lang=\"fr-FR\">\u00e9riences,<\/span> pour retrouver une relation naturelle \u00e0 soi, puis de ce fait \u00e0 l&rsquo;autre.<\/span><\/address>\n<p style=\"text-align: justify;\"><span style=\"font-family: trebuchet ms,geneva; font-size: 12pt;\">\u00a0<\/span><\/p>\n<hr \/>\n<h2 style=\"text-align: justify;\"><span style=\"font-family: trebuchet ms,geneva; font-size: 12pt;\">Int\u00e9rieur, ext\u00e9rieur 2018<br \/>\n<\/span><\/h2>\n<p style=\"text-align: justify;\"><span style=\"font-family: trebuchet ms,geneva; font-size: 12pt;\">du 19 au 21 mai 2018 \u00e0 Albertville<\/span><\/p>\n<p style=\"text-align: justify;\"><span style=\"font-size: 12pt;\"><a href=\"http:\/\/consciencecorporelle.fr\/wp-content\/uploads\/2018\/03\/plaquette_2018_impr.pdf\">plaquette stage 2018<\/a><\/span><\/p>\n<hr \/>\n<h2 style=\"text-align: justify;\">H\u00e9ritage, transmission<\/h2>\n<p style=\"text-align: justify;\"><b>Du 29 avril au 1er mai 2017<\/b><\/p>\n<p style=\"text-align: justify;\">\n<hr \/>\n<h2 style=\"text-align: justify;\">F\u00e9minin, masculin<\/h2>\n<p style=\"text-align: justify;\"><span style=\"font-family: trebuchet ms,geneva; font-size: 12pt;\"><b>8, 9 et 10 juillet 2016<\/b> \u00e0 Albertville<\/span><\/p>\n<p style=\"text-align: justify;\">\n<p style=\"text-align: justify;\"><span style=\"font-family: trebuchet ms,geneva; font-size: 12pt;\">\u00a0<\/span><\/p>\n<hr \/>\n<h2 style=\"text-align: justify;\"><span style=\"font-family: trebuchet ms,geneva; font-size: 12pt;\">Int\u00e9rieur, ext\u00e9rieur<\/span><\/h2>\n<p style=\"text-align: justify;\"><span style=\"font-family: trebuchet ms,geneva; font-size: 12pt;\">3, 4 et 5 juillet 2015 \u00e0 Albertville<\/span><\/p>\n<p style=\"text-align: justify;\"><span style=\"font-size: 12pt;\"><a href=\"http:\/\/consciencecorporelle.fr\/wp-content\/uploads\/2015\/04\/plaquette_stage2015.pdf\">plaquette_stage2015<\/a><\/span><\/p>\n<hr \/>\n<h3 style=\"text-align: justify;\">\u00a0<span style=\"font-family: trebuchet ms,geneva; font-size: 12pt;\">Les 5 sens<\/span><\/h3>\n<p style=\"text-align: justify;\"><span style=\"font-family: trebuchet ms,geneva; font-size: 12pt;\">25, 26 et 27 juillet 2014 &#8211; Albertville<\/span><\/p>\n<p style=\"text-align: justify;\"><span style=\"font-family: trebuchet ms,geneva; font-size: 12pt;\"><a href=\"http:\/\/consciencecorporelle.fr\/wp-content\/uploads\/2014\/05\/plaquette_stage_5_sens.pdf\">plaquette_stage_5_sens<\/a><\/span><\/p>\n<p>&nbsp;<\/p>\n<hr \/>\n<p>&nbsp;<\/p>\n<p style=\"text-align: justify;\"><span style=\"font-family: comic sans ms,sans-serif;\">conscience physiologique massage relaxation parole mouvement\u00a0 exp\u00e9rience \u00a0 voir entendre sentir ressentir r\u00e9g\u00e9n\u00e9ration transformation m\u00e9moire cellulaire \u00a0 origines<\/span><\/p>\n","protected":false},"excerpt":{"rendered":"<p>Une approche globale de l\u2019\u00eatre humain, par l\u2019\u00e9change verbal, le massage et diff\u00e9rentes exp\u00e9riences, pour retrouver une relation naturelle \u00e0 soi, puis de ce fait \u00e0 l&rsquo;autre. \u00a0 Int\u00e9rieur, ext\u00e9rieur 2018 du 19 au 21 mai 2018 \u00e0 Albertville plaquette stage 2018 H\u00e9ritage, transmission Du 29 avril au 1er mai 2017 F\u00e9minin, masculin 8, 9 &hellip; <\/p>\n<p class=\"link-more\"><a href=\"http:\/\/consciencecorporelle.fr\/?page_id=89\" class=\"more-link\">Continuer la lecture<span class=\"screen-reader-text\"> de &laquo;&nbsp;Stages&nbsp;&raquo;<\/span><\/a><\/p>\n","protected":false},"author":1,"featured_media":0,"parent":0,"menu_order":4,"comment_status":"closed","ping_status":"closed","template":"","meta":[],"_links":{"self":[{"href":"http:\/\/consciencecorporelle.fr\/index.php?rest_route=\/wp\/v2\/pages\/89"}],"collection":[{"href":"http:\/\/consciencecorporelle.fr\/index.php?rest_route=\/wp\/v2\/pages"}],"about":[{"href":"http:\/\/consciencecorporelle.fr\/index.php?rest_route=\/wp\/v2\/types\/page"}],"author":[{"embeddable":true,"href":"http:\/\/consciencecorporelle.fr\/index.php?rest_route=\/wp\/v2\/users\/1"}],"replies":[{"embeddable":true,"href":"http:\/\/consciencecorporelle.fr\/index.php?rest_route=%2Fwp%2Fv2%2Fcomments&post=89"}],"version-history":[{"count":14,"href":"http:\/\/consciencecorporelle.fr\/index.php?rest_route=\/wp\/v2\/pages\/89\/revisions"}],"predecessor-version":[{"id":304,"href":"http:\/\/consciencecorporelle.fr\/index.php?rest_route=\/wp\/v2\/pages\/89\/revisions\/304"}],"wp:attachment":[{"href":"http:\/\/consciencecorporelle.fr\/index.php?rest_route=%2Fwp%2Fv2%2Fmedia&parent=89"}],"curies":[{"name":"wp","href":"https:\/\/api.w.org\/{rel}","templated":true}]}}