{"id":93,"date":"2014-05-22T16:07:40","date_gmt":"2014-05-22T15:07:40","guid":{"rendered":"http:\/\/consciencecorp.cluster1.easy-hebergement.net\/consciencecorporelle.fr\/?page_id=93"},"modified":"2015-04-05T21:17:51","modified_gmt":"2015-04-05T20:17:51","slug":"le-contenu","status":"publish","type":"page","link":"http:\/\/consciencecorporelle.fr\/?page_id=93","title":{"rendered":"Int\u00e9rieur, ext\u00e9rieur"},"content":{"rendered":"<p class=\"western\" lang=\"en-US\" align=\"center\"><span style=\"font-family: trebuchet ms,geneva;\"><span style=\"font-size: small;\"><i>Stage de th\u00e9rapie psycho-corporelle<\/i><\/span><a href=\"http:\/\/consciencecorporelle.fr\/wp-content\/uploads\/2015\/04\/canstockphoto6508068.jpg\"><img loading=\"lazy\" class=\"size-medium wp-image-217 aligncenter\" src=\"http:\/\/consciencecorporelle.fr\/wp-content\/uploads\/2015\/04\/canstockphoto6508068-300x200.jpg\" alt=\"canstockphoto6508068\" width=\"300\" height=\"200\" srcset=\"http:\/\/consciencecorporelle.fr\/wp-content\/uploads\/2015\/04\/canstockphoto6508068-300x200.jpg 300w, http:\/\/consciencecorporelle.fr\/wp-content\/uploads\/2015\/04\/canstockphoto6508068-1024x682.jpg 1024w, http:\/\/consciencecorporelle.fr\/wp-content\/uploads\/2015\/04\/canstockphoto6508068-500x333.jpg 500w\" sizes=\"(max-width: 300px) 100vw, 300px\" \/><\/a><\/span><\/p>\n<p class=\"western\" lang=\"en-US\" align=\"center\"><span style=\"font-family: trebuchet ms,geneva;\"><span style=\"font-size: medium;\"><b>3, 4 et 5 juillet 2015 \u00e0 Albertville<\/b><\/span><\/span><\/p>\n<p class=\"western\" align=\"justify\"><span style=\"font-family: trebuchet ms,geneva;\"><span style=\"font-size: large;\"><b>Pr\u00e9sentation<\/b><\/span><\/span><\/p>\n<p align=\"justify\"><span style=\"font-family: trebuchet ms,geneva;\"><span style=\"font-size: small;\"><span lang=\"en-US\">La th<\/span>\u00e9rapie conscience physiologique se base sur l\u2019origine marine de la vie et sur les informations que l\u2019eau du corps humain accumule au cours de son histoire, depuis sa premi\u00e8re cellule. <\/span><\/span><\/p>\n<p align=\"justify\"><span style=\"font-family: trebuchet ms,geneva;\"><span style=\"font-size: small;\">C\u2019est la m\u00e9moire cellulaire.<\/span><\/span><\/p>\n<p align=\"justify\"><span style=\"font-family: trebuchet ms,geneva;\"><span style=\"font-size: small;\">Ces m\u00e9moires troublent nos ressentis et perceptions, et influencent nos pens\u00e9<span lang=\"pt-PT\">es, nos sens, nos actes.<\/span><\/span><\/span><\/p>\n<p align=\"justify\"><span style=\"font-family: trebuchet ms,geneva;\"><span style=\"font-size: small;\">Les douleurs, bloqu\u00e9es \u00e0 l\u2019int\u00e9rieur du corps, peuvent \u00eatre r\u00e9veill\u00e9es par une situation ext\u00e9rieure, g\u00e9n\u00e9rer de la souffrance, et s\u2019exprimer en fonctionnements.<\/span><\/span><\/p>\n<p align=\"justify\"><span style=\"font-family: trebuchet ms,geneva;\"><span style=\"font-size: small;\">Cette th\u00e9rapie permet de rendre consciente l\u2019origine des m\u00e9moires douloureuses et de s&rsquo;en lib\u00e9rer en reliant le physiologique et l&rsquo;histoire personnelle.<\/span><\/span><\/p>\n<p align=\"justify\"><span style=\"font-family: trebuchet ms,geneva;\"><span style=\"font-size: small;\"><span lang=\"fr-FR\">C&rsquo;est par<\/span><span lang=\"fr-FR\"> l\u2019\u00e9change verbal, le massage et diff\u00e9<\/span><span lang=\"pt-PT\">rentes exp<\/span><span lang=\"fr-FR\">\u00e9riences, <\/span><span lang=\"fr-FR\">que <\/span><span lang=\"fr-FR\">nous vous proposons de ressentir les interactions entre l\u2019int\u00e9rieur et l\u2019ext\u00e9rieur.<\/span><\/span><\/span><\/p>\n<p class=\"western\" align=\"justify\"><span style=\"font-family: trebuchet ms,geneva;\"><span style=\"font-size: large;\"><b>Contenu du stage :<br \/>\n<\/b><\/span><\/span><\/p>\n<ul>\n<li class=\"western\" lang=\"en-US\"><span style=\"font-family: trebuchet ms,geneva;\"><span style=\"font-size: small;\"><span lang=\"fr-FR\">\u00c9change verbal<\/span><\/span><\/span><\/li>\n<li class=\"western\" lang=\"en-US\"><span style=\"font-family: trebuchet ms,geneva;\"><span style=\"font-size: small;\"><span lang=\"fr-FR\">Travail du ressenti et <\/span><span lang=\"fr-FR\">\u00e9change de <\/span><span lang=\"fr-FR\">massages<\/span><\/span><\/span><\/li>\n<li class=\"western\" lang=\"en-US\"><span style=\"font-family: trebuchet ms,geneva;\"><span style=\"font-size: small;\"><span lang=\"fr-FR\">Pratique<\/span><span lang=\"fr-FR\"> de mouvements <\/span><span lang=\"fr-FR\">corporels in\u00e9dits<\/span><span lang=\"fr-FR\"> et pr\u00e9cis,<\/span><span lang=\"fr-FR\"> respect<\/span><span lang=\"fr-FR\">ueux<\/span><span lang=\"fr-FR\"> de <\/span><span lang=\"fr-FR\">votre<\/span> <span lang=\"fr-FR\">corps<\/span><\/span><\/span><\/li>\n<li class=\"western\" lang=\"en-US\"><span style=\"font-family: trebuchet ms,geneva;\"><span style=\"font-size: small;\"><span lang=\"fr-FR\">Diff\u00e9rentes exp\u00e9riences entre stagiaires<\/span><\/span><\/span><\/li>\n<\/ul>\n<p><span style=\"font-family: trebuchet ms,geneva;\"><span style=\"font-size: small;\">Les massages se pratiquent entre stagiaires dans le respect de chacun, accompagn\u00e9s et guid\u00e9s par les intervenantes.<\/span><\/span><\/p>\n<p>&nbsp;<\/p>\n<h3 class=\"western\" align=\"justify\"><span style=\"font-family: trebuchet ms,geneva;\"><span style=\"font-size: large;\"><b>A qui s&rsquo;adresse le stage ?<\/b><\/span><\/span><\/h3>\n<p class=\"western\" lang=\"en-US\" align=\"justify\"><span style=\"font-family: trebuchet ms,geneva;\"><span style=\"font-size: small;\"><span lang=\"fr-FR\">A toute personne qui d\u00e9sire d\u00e9couvrir ou d\u00e9velopper le travail de connaissance de soi par la conscience corporelle<\/span><span lang=\"fr-FR\">, quels que soient son \u00e2ge et ses capacit\u00e9s physiques.<\/span><\/span><\/span><\/p>\n<hr \/>\n<h2 class=\"western\" align=\"justify\"><span style=\"font-family: trebuchet ms,geneva;\"><span style=\"font-size: large;\"><b>Informations pratiques<\/b><\/span><\/span><\/h2>\n<p><span style=\"font-family: trebuchet ms,geneva;\"><strong>Tarif<\/strong> du stage : 300 \u20ac<\/span><br \/>\n<span style=\"font-family: trebuchet ms,geneva;\"> Arrhes : 100 \u20ac (encaiss\u00e9s \u00e0 l\u2019inscription)<\/span><br \/>\n<span style=\"font-family: trebuchet ms,geneva;\"> Le solde du r\u00e8glement sera effectu\u00e9 sur place le premier jour du stage.<\/span><\/p>\n<p><span style=\"font-family: trebuchet ms,geneva;\"><strong>Dates<\/strong> : 25, 26 et 27 juillet 2014<\/span><br \/>\n<span style=\"font-family: trebuchet ms,geneva;\"> Du vendredi 25 \u00e0 10h au dimanche 27 \u00e0 17h30.<\/span><\/p>\n<p><span style=\"font-family: trebuchet ms,geneva;\"><strong>Lieu<\/strong> : Espace \u00c9veil et Corps, Les Ilettes,<\/span><br \/>\n<span style=\"font-family: trebuchet ms,geneva;\"> 73460 Frontenex (\u00e0 10 mn d\u2019Albertville)<\/span><br \/>\n<span style=\"font-family: trebuchet ms,geneva;\"> Possibilit\u00e9 de venir en train \u00e0 Frontenex.<\/span><\/p>\n<p><span style=\"font-family: trebuchet ms,geneva;\"><strong>Restauration<\/strong> : des repas v\u00e9g\u00e9tariens bio seront propos\u00e9s le midi pour 15 \u20ac.<\/span><br \/>\n<span style=\"font-family: trebuchet ms,geneva;\"> Vous pourrez pr\u00e9parer vos repas sur place ou pique-niquer, commerces et restaurants proches du lieu du stage.<\/span><\/p>\n<p><span style=\"font-family: trebuchet ms,geneva;\"><strong>H\u00e9bergement<\/strong> : il est possible de loger sur place pour 10 \u20ac la nuit (salle commune, se munir de draps ou duvets), planter la tente ou dormir dans votre camping-car.<\/span><br \/>\n<span style=\"font-family: trebuchet ms,geneva;\"> H\u00f4tels \u00e0 proximit\u00e9 (contacter Nelly Duc-Goninaz pour plus de renseignements).<\/span><\/p>\n<p><span style=\"font-family: trebuchet ms,geneva;\"><strong>Inscription<\/strong> : veuillez imprimer la plaquette ci-dessous et renvoyer le bulletin d&rsquo;inscription et le ch\u00e8que \u00e0 l&rsquo;adresse indiqu\u00e9e.<\/span><\/p>\n<p><a href=\"http:\/\/consciencecorporelle.fr\/wp-content\/uploads\/2015\/04\/plaquette_stage2015.pdf\">plaquette_stage2015<\/a><\/p>\n<hr \/>\n<p>&nbsp;<\/p>\n<h3 class=\"western\" align=\"left\"><span style=\"font-family: trebuchet ms,geneva;\"><span style=\"font-size: small;\"><b>Clarisse Morel<\/b><\/span><\/span><\/h3>\n<address class=\"western\"><span style=\"font-family: trebuchet ms,geneva;\"><span style=\"font-size: small;\">4, rue Pravaz, 69003 Lyon<\/span><\/span><\/address>\n<address class=\"western\"><span style=\"font-family: trebuchet ms,geneva;\"><span style=\"font-size: small;\">T\u00e9l : 06 81 50 61 87<\/span><\/span><\/address>\n<address class=\"western\"><span style=\"font-family: trebuchet ms,geneva;\"><span style=\"font-size: small;\">consciencecorporelle.fr<\/span><\/span><\/address>\n<ul>\n<li class=\"western\" lang=\"en-US\"><span style=\"font-family: trebuchet ms,geneva;\"><span style=\"font-size: small;\"><span lang=\"fr-FR\">Th\u00e9rapeute en Conscience physiologique<\/span><\/span><\/span><\/li>\n<li class=\"western\" lang=\"en-US\"><span style=\"font-family: trebuchet ms,geneva;\"><span style=\"font-size: small;\"><span lang=\"fr-FR\">Assistante de <\/span><span lang=\"fr-FR\">la <\/span><span lang=\"fr-FR\">formation Conscience physiologique <\/span><span lang=\"fr-FR\">2011-2014<\/span><\/span><\/span><\/li>\n<li class=\"western\" lang=\"en-US\"><span style=\"font-family: trebuchet ms,geneva;\"><span style=\"font-size: small;\"><span lang=\"fr-FR\">Diplom\u00e9e en<\/span><span lang=\"fr-FR\"> yoga nidra<\/span><\/span><\/span><\/li>\n<li class=\"western\" lang=\"en-US\"><span style=\"font-family: trebuchet ms,geneva;\"><span style=\"font-size: small;\"><span lang=\"fr-FR\">Pratique l<\/span><span lang=\"fr-FR\">&lsquo;Antigymnastique et l<\/span><span lang=\"fr-FR\">e hatha yoga<\/span><\/span><\/span><\/li>\n<\/ul>\n<p class=\"western\" align=\"left\"><span style=\"font-family: trebuchet ms,geneva;\"><span style=\"font-size: small;\"><b>Nelly Duc-Goninaz<\/b><\/span><\/span><\/p>\n<address class=\"western\"><span style=\"font-family: trebuchet ms,geneva;\"><span style=\"font-size: small;\">6, rue Pargoud, 73200 Albertville<\/span><\/span><\/address>\n<address class=\"western\"><span style=\"font-family: trebuchet ms,geneva;\"><span style=\"font-size: small;\">T\u00e9l : 06 12 28 25 32<\/span><\/span><\/address>\n<address class=\"western\"><span style=\"font-family: trebuchet ms,geneva;\"><span style=\"font-size: small;\">therapeute-psychocorporel.com<\/span><\/span><\/address>\n<ul>\n<li class=\"western\" lang=\"en-US\"><span style=\"font-family: trebuchet ms,geneva;\"><span style=\"font-size: small;\"><span lang=\"fr-FR\">Th\u00e9rapeute en Conscience physiologique<\/span><\/span><\/span><\/li>\n<li class=\"western\" lang=\"en-US\"><span style=\"font-family: trebuchet ms,geneva;\"><span style=\"font-size: small;\"><span lang=\"fr-FR\">Assistante de formation Conscience physiologique<\/span><\/span><\/span><\/li>\n<li class=\"western\" lang=\"en-US\"><span style=\"font-family: trebuchet ms,geneva;\"><span style=\"font-size: small;\"><span lang=\"fr-FR\">Form\u00e9e \u00e0 la r\u00e9flexologie plantaire, aux massages traditionnels chinois, aux massages ayurv\u00e9diques<\/span><\/span><\/span><\/li>\n<li class=\"western\" lang=\"en-US\"><span style=\"font-family: trebuchet ms,geneva;\"><span style=\"font-size: small;\"><span lang=\"fr-FR\">Form\u00e9e aux techniques des noeuds \u00e9motionnels et 3D, r\u00eave \u00e9veill\u00e9<\/span><\/span><\/span><\/li>\n<li class=\"western\" lang=\"en-US\"><span style=\"font-family: trebuchet ms,geneva;\"><span style=\"font-size: small;\"><span lang=\"fr-FR\">Diplom\u00e9e en<\/span><span lang=\"fr-FR\"> yoga nidra<\/span><\/span><\/span><\/li>\n<li class=\"western\" lang=\"en-US\"><span style=\"font-family: trebuchet ms,geneva;\"><span style=\"font-size: small;\"><span lang=\"fr-FR\">Pratique l<\/span><span lang=\"fr-FR\">&lsquo;Antigymnastique <\/span><span lang=\"fr-FR\">et<\/span><span lang=\"fr-FR\"> le qi gong<\/span><\/span><\/span><\/li>\n<\/ul>\n","protected":false},"excerpt":{"rendered":"<p>Stage de th\u00e9rapie psycho-corporelle 3, 4 et 5 juillet 2015 \u00e0 Albertville Pr\u00e9sentation La th\u00e9rapie conscience physiologique se base sur l\u2019origine marine de la vie et sur les informations que l\u2019eau du corps humain accumule au cours de son histoire, depuis sa premi\u00e8re cellule. C\u2019est la m\u00e9moire cellulaire. Ces m\u00e9moires troublent nos ressentis et perceptions, &hellip; <\/p>\n<p class=\"link-more\"><a href=\"http:\/\/consciencecorporelle.fr\/?page_id=93\" class=\"more-link\">Continuer la lecture<span class=\"screen-reader-text\"> de &laquo;&nbsp;Int\u00e9rieur, ext\u00e9rieur&nbsp;&raquo;<\/span><\/a><\/p>\n","protected":false},"author":1,"featured_media":0,"parent":89,"menu_order":2,"comment_status":"closed","ping_status":"closed","template":"","meta":[],"_links":{"self":[{"href":"http:\/\/consciencecorporelle.fr\/index.php?rest_route=\/wp\/v2\/pages\/93"}],"collection":[{"href":"http:\/\/consciencecorporelle.fr\/index.php?rest_route=\/wp\/v2\/pages"}],"about":[{"href":"http:\/\/consciencecorporelle.fr\/index.php?rest_route=\/wp\/v2\/types\/page"}],"author":[{"embeddable":true,"href":"http:\/\/consciencecorporelle.fr\/index.php?rest_route=\/wp\/v2\/users\/1"}],"replies":[{"embeddable":true,"href":"http:\/\/consciencecorporelle.fr\/index.php?rest_route=%2Fwp%2Fv2%2Fcomments&post=93"}],"version-history":[{"count":16,"href":"http:\/\/consciencecorporelle.fr\/index.php?rest_route=\/wp\/v2\/pages\/93\/revisions"}],"predecessor-version":[{"id":347,"href":"http:\/\/consciencecorporelle.fr\/index.php?rest_route=\/wp\/v2\/pages\/93\/revisions\/347"}],"up":[{"embeddable":true,"href":"http:\/\/consciencecorporelle.fr\/index.php?rest_route=\/wp\/v2\/pages\/89"}],"wp:attachment":[{"href":"http:\/\/consciencecorporelle.fr\/index.php?rest_route=%2Fwp%2Fv2%2Fmedia&parent=93"}],"curies":[{"name":"wp","href":"https:\/\/api.w.org\/{rel}","templated":true}]}}

Intérieur, extérieur

<p class="western" lang="en-US" align="center"><span style="font-family: trebuchet ms,geneva;"><span style="font-size: small;"><i>Stage de thérapie psycho-corporelle</i></span><a href="http://consciencecorporelle.fr/wp-content/uploads/2015/04/canstockphoto6508068.jpg"><img loading="lazy" class="size-medium wp-image-217 aligncenter" src="http://consciencecorporelle.fr/wp-content/uploads/2015/04/canstockphoto6508068-300x200.jpg" alt="canstockphoto6508068" width="300" height="200" srcset="http://consciencecorporelle.fr/wp-content/uploads/2015/04/canstockphoto6508068-300x200.jpg 300w, http://consciencecorporelle.fr/wp-content/uploads/2015/04/canstockphoto6508068-1024x682.jpg 1024w, http://consciencecorporelle.fr/wp-content/uploads/2015/04/canstockphoto6508068-500x333.jpg 500w" sizes="(max-width: 300px) 100vw, 300px" /></a></span></p>
<p class="western" lang="en-US" align="center"><span style="font-family: trebuchet ms,geneva;"><span style="font-size: medium;"><b>3, 4 et 5 juillet 2015 à Albertville</b></span></span></p>
<p class="western" align="justify"><span style="font-family: trebuchet ms,geneva;"><span style="font-size: large;"><b>Présentation</b></span></span></p>
<p align="justify"><span style="font-family: trebuchet ms,geneva;"><span style="font-size: small;"><span lang="en-US">La th</span>érapie conscience physiologique se base sur l’origine marine de la vie et sur les informations que l’eau du corps humain accumule au cours de son histoire, depuis sa première cellule. </span></span></p>
<p align="justify"><span style="font-family: trebuchet ms,geneva;"><span style="font-size: small;">C’est la mémoire cellulaire.</span></span></p>
<p align="justify"><span style="font-family: trebuchet ms,geneva;"><span style="font-size: small;">Ces mémoires troublent nos ressentis et perceptions, et influencent nos pensé<span lang="pt-PT">es, nos sens, nos actes.</span></span></span></p>
<p align="justify"><span style="font-family: trebuchet ms,geneva;"><span style="font-size: small;">Les douleurs, bloquées à l’intérieur du corps, peuvent être réveillées par une situation extérieure, générer de la souffrance, et s’exprimer en fonctionnements.</span></span></p>
<p align="justify"><span style="font-family: trebuchet ms,geneva;"><span style="font-size: small;">Cette thérapie permet de rendre consciente l’origine des mémoires douloureuses et de s&rsquo;en libérer en reliant le physiologique et l&rsquo;histoire personnelle.</span></span></p>
<p align="justify"><span style="font-family: trebuchet ms,geneva;"><span style="font-size: small;"><span lang="fr-FR">C&rsquo;est par</span><span lang="fr-FR"> l’échange verbal, le massage et diffé</span><span lang="pt-PT">rentes exp</span><span lang="fr-FR">ériences, </span><span lang="fr-FR">que </span><span lang="fr-FR">nous vous proposons de ressentir les interactions entre l’intérieur et l’extérieur.</span></span></span></p>
<p class="western" align="justify"><span style="font-family: trebuchet ms,geneva;"><span style="font-size: large;"><b>Contenu du stage :<br />
</b></span></span></p>
<ul>
<li class="western" lang="en-US"><span style="font-family: trebuchet ms,geneva;"><span style="font-size: small;"><span lang="fr-FR">Échange verbal</span></span></span></li>
<li class="western" lang="en-US"><span style="font-family: trebuchet ms,geneva;"><span style="font-size: small;"><span lang="fr-FR">Travail du ressenti et </span><span lang="fr-FR">échange de </span><span lang="fr-FR">massages</span></span></span></li>
<li class="western" lang="en-US"><span style="font-family: trebuchet ms,geneva;"><span style="font-size: small;"><span lang="fr-FR">Pratique</span><span lang="fr-FR"> de mouvements </span><span lang="fr-FR">corporels inédits</span><span lang="fr-FR"> et précis,</span><span lang="fr-FR"> respect</span><span lang="fr-FR">ueux</span><span lang="fr-FR"> de </span><span lang="fr-FR">votre</span> <span lang="fr-FR">corps</span></span></span></li>
<li class="western" lang="en-US"><span style="font-family: trebuchet ms,geneva;"><span style="font-size: small;"><span lang="fr-FR">Différentes expériences entre stagiaires</span></span></span></li>
</ul>
<p><span style="font-family: trebuchet ms,geneva;"><span style="font-size: small;">Les massages se pratiquent entre stagiaires dans le respect de chacun, accompagnés et guidés par les intervenantes.</span></span></p>
<p>&nbsp;</p>
<h3 class="western" align="justify"><span style="font-family: trebuchet ms,geneva;"><span style="font-size: large;"><b>A qui s&rsquo;adresse le stage ?</b></span></span></h3>
<p class="western" lang="en-US" align="justify"><span style="font-family: trebuchet ms,geneva;"><span style="font-size: small;"><span lang="fr-FR">A toute personne qui désire découvrir ou développer le travail de connaissance de soi par la conscience corporelle</span><span lang="fr-FR">, quels que soient son âge et ses capacités physiques.</span></span></span></p>
<hr />
<h2 class="western" align="justify"><span style="font-family: trebuchet ms,geneva;"><span style="font-size: large;"><b>Informations pratiques</b></span></span></h2>
<p><span style="font-family: trebuchet ms,geneva;"><strong>Tarif</strong> du stage : 300 €</span><br />
<span style="font-family: trebuchet ms,geneva;"> Arrhes : 100 € (encaissés à l’inscription)</span><br />
<span style="font-family: trebuchet ms,geneva;"> Le solde du règlement sera effectué sur place le premier jour du stage.</span></p>
<p><span style="font-family: trebuchet ms,geneva;"><strong>Dates</strong> : 25, 26 et 27 juillet 2014</span><br />
<span style="font-family: trebuchet ms,geneva;"> Du vendredi 25 à 10h au dimanche 27 à 17h30.</span></p>
<p><span style="font-family: trebuchet ms,geneva;"><strong>Lieu</strong> : Espace Éveil et Corps, Les Ilettes,</span><br />
<span style="font-family: trebuchet ms,geneva;"> 73460 Frontenex (à 10 mn d’Albertville)</span><br />
<span style="font-family: trebuchet ms,geneva;"> Possibilité de venir en train à Frontenex.</span></p>
<p><span style="font-family: trebuchet ms,geneva;"><strong>Restauration</strong> : des repas végétariens bio seront proposés le midi pour 15 €.</span><br />
<span style="font-family: trebuchet ms,geneva;"> Vous pourrez préparer vos repas sur place ou pique-niquer, commerces et restaurants proches du lieu du stage.</span></p>
<p><span style="font-family: trebuchet ms,geneva;"><strong>Hébergement</strong> : il est possible de loger sur place pour 10 € la nuit (salle commune, se munir de draps ou duvets), planter la tente ou dormir dans votre camping-car.</span><br />
<span style="font-family: trebuchet ms,geneva;"> Hôtels à proximité (contacter Nelly Duc-Goninaz pour plus de renseignements).</span></p>
<p><span style="font-family: trebuchet ms,geneva;"><strong>Inscription</strong> : veuillez imprimer la plaquette ci-dessous et renvoyer le bulletin d&rsquo;inscription et le chèque à l&rsquo;adresse indiquée.</span></p>
<p><a href="http://consciencecorporelle.fr/wp-content/uploads/2015/04/plaquette_stage2015.pdf">plaquette_stage2015</a></p>
<hr />
<p>&nbsp;</p>
<h3 class="western" align="left"><span style="font-family: trebuchet ms,geneva;"><span style="font-size: small;"><b>Clarisse Morel</b></span></span></h3>
<address class="western"><span style="font-family: trebuchet ms,geneva;"><span style="font-size: small;">4, rue Pravaz, 69003 Lyon</span></span></address>
<address class="western"><span style="font-family: trebuchet ms,geneva;"><span style="font-size: small;">Tél : 06 81 50 61 87</span></span></address>
<address class="western"><span style="font-family: trebuchet ms,geneva;"><span style="font-size: small;">consciencecorporelle.fr</span></span></address>
<ul>
<li class="western" lang="en-US"><span style="font-family: trebuchet ms,geneva;"><span style="font-size: small;"><span lang="fr-FR">Thérapeute en Conscience physiologique</span></span></span></li>
<li class="western" lang="en-US"><span style="font-family: trebuchet ms,geneva;"><span style="font-size: small;"><span lang="fr-FR">Assistante de </span><span lang="fr-FR">la </span><span lang="fr-FR">formation Conscience physiologique </span><span lang="fr-FR">2011-2014</span></span></span></li>
<li class="western" lang="en-US"><span style="font-family: trebuchet ms,geneva;"><span style="font-size: small;"><span lang="fr-FR">Diplomée en</span><span lang="fr-FR"> yoga nidra</span></span></span></li>
<li class="western" lang="en-US"><span style="font-family: trebuchet ms,geneva;"><span style="font-size: small;"><span lang="fr-FR">Pratique l</span><span lang="fr-FR">&lsquo;Antigymnastique et l</span><span lang="fr-FR">e hatha yoga</span></span></span></li>
</ul>
<p class="western" align="left"><span style="font-family: trebuchet ms,geneva;"><span style="font-size: small;"><b>Nelly Duc-Goninaz</b></span></span></p>
<address class="western"><span style="font-family: trebuchet ms,geneva;"><span style="font-size: small;">6, rue Pargoud, 73200 Albertville</span></span></address>
<address class="western"><span style="font-family: trebuchet ms,geneva;"><span style="font-size: small;">Tél : 06 12 28 25 32</span></span></address>
<address class="western"><span style="font-family: trebuchet ms,geneva;"><span style="font-size: small;">therapeute-psychocorporel.com</span></span></address>
<ul>
<li class="western" lang="en-US"><span style="font-family: trebuchet ms,geneva;"><span style="font-size: small;"><span lang="fr-FR">Thérapeute en Conscience physiologique</span></span></span></li>
<li class="western" lang="en-US"><span style="font-family: trebuchet ms,geneva;"><span style="font-size: small;"><span lang="fr-FR">Assistante de formation Conscience physiologique</span></span></span></li>
<li class="western" lang="en-US"><span style="font-family: trebuchet ms,geneva;"><span style="font-size: small;"><span lang="fr-FR">Formée à la réflexologie plantaire, aux massages traditionnels chinois, aux massages ayurvédiques</span></span></span></li>
<li class="western" lang="en-US"><span style="font-family: trebuchet ms,geneva;"><span style="font-size: small;"><span lang="fr-FR">Formée aux techniques des noeuds émotionnels et 3D, rêve éveillé</span></span></span></li>
<li class="western" lang="en-US"><span style="font-family: trebuchet ms,geneva;"><span style="font-size: small;"><span lang="fr-FR">Diplomée en</span><span lang="fr-FR"> yoga nidra</span></span></span></li>
<li class="western" lang="en-US"><span style="font-family: trebuchet ms,geneva;"><span style="font-size: small;"><span lang="fr-FR">Pratique l</span><span lang="fr-FR">&lsquo;Antigymnastique </span><span lang="fr-FR">et</span><span lang="fr-FR"> le qi gong</span></span></span></li>
</ul>

<p>Stage de thérapie psycho-corporelle 3, 4 et 5 juillet 2015 à Albertville Présentation La thérapie conscience physiologique se base sur l’origine marine de la vie et sur les informations que l’eau du corps humain accumule au cours de son histoire, depuis sa première cellule. C’est la mémoire cellulaire. Ces mémoires troublent nos ressentis et perceptions, &hellip; </p>
<p class="link-more"><a href="http://consciencecorporelle.fr/?page_id=93" class="more-link">Continuer la lecture<span class="screen-reader-text"> de &laquo;&nbsp;Intérieur, extérieur&nbsp;&raquo;</span></a></p>
